 l is divided by 11?
10
Suppose -2*h + 34 - 8 = 0. Calculate the remainder when 62 is divided by h.
10
Suppose 0 = -i - i - 12. What is the remainder when (-1)/6 - 421/i is divided by 24?
22
Suppose -5*d = -3*n - 347, -3*n + 167 - 45 = 2*d. Suppose 3*l - 2*l - 4 = 0. Suppose l*g = d + 25. Calculate the remainder when 45 is divided by g.
22
Suppose 0 = -v + 40 + 59. Calculate the remainder when v is divided by 26.
21
Let h(s) = -s**3 - 10*s**2 + s + 17. What is the remainder when 8 is divided by h(-10)?
1
Let f(v) = -2*v**3 + 1 - 4*v**2 - v**3 - 3*v**2 + 2*v**3. Let d be f(-7). Let y(w) = 14*w**3 - w**2 + w - 1. Calculate the remainder when 25 is divided by y(d).
12
Suppose -5*z + 5 = -15. Suppose 0 = 5*a + 3*q + 2*q - 10, -q = z*a - 23. Calculate the remainder when 13 is divided by a.
6
Suppose -3*x - 75 = 27. Let n = -17 - x. Calculate the remainder when n is divided by 9.
8
Let d = 57 + -30. Suppose -2*m + 233 = -o, -5*m + 7*o - 3*o + 590 = 0. What is the remainder when d is divided by m/8 - 1/4?
13
Let f(p) = p**3 + 10*p**2 + 3*p + 10. Let x(t) = 12*t - 2. Calculate the remainder when f(-9) is divided by x(2).
20
What is the remainder when (2652/(-48))/((-1)/4) is divided by 56?
53
Let n(j) be the third derivative of j**4/24 + 3*j**2. What is the remainder when 6 is divided by n(4)?
2
Let s = -6 - -25. What is the remainder when s is divided by 7?
5
Suppose 12 = 4*o - 20. Calculate the remainder when 15 is divided by o.
7
Let x be (0 - -1)*(0 + -3). Let v = 2 - x. Suppose v*a - 4*n - 114 = 0, -23 - 33 = -2*a - n. What is the remainder when 50 is divided by a?
24
Let f be ((-10)/(-4) + -2)*-4. Let o be ((0 - -2) + f)/2. Suppose o = g - 3*g + 6. Calculate the remainder when 8 is divided by g.
2
Suppose -3*g = -41 - 31. What is the remainder when g is divided by 13?
11
Suppose 13*l = 12*l + 13. What is the remainder when 37 is divided by l?
11
Let a(z) = 21*z**2 - 4*z - 10. Calculate the remainder when a(-2) is divided by 29.
24
Suppose 0 = -8*f + 5*f + 102. Calculate the remainder when f is divided by 18.
16
Let g(l) = -l**3 - 9*l**2 - 3*l - 20. Let c = 2 + 2. What is the remainder when g(-9) is divided by c?
3
Let u = -12 + 43. Let r(o) = -o - 13. What is the remainder when u is divided by r(-21)?
7
Let c(i) = i**3 + 6*i**2 + 4*i + 1. What is the remainder when 45 is divided by c(-3)?
13
Let z(h) = -h**3 - 9*h**2 + 17. What is the remainder when z(-9) is divided by (-1 + 14/4)*2?
2
Let y = 20 - 10. Calculate the remainder when y is divided by (-2)/(-6) - 17/(-3).
4
Let s = -7 - -28. Calculate the remainder when 74 is divided by s.
11
Let n = -83 + 262. Suppose 5*y - 222 = -6*b + 3*b, n = 4*y + b. Calculate the remainder when y is divided by 12.
9
What is the remainder when (3/2)/((-48)/(-6208)) is divided by 65?
64
Suppose -4*d + 68 = 2*s, s = -0 + 2. Suppose -6*a = -116 - 154. Calculate the remainder when a is divided by d.
13
Suppose 7*b - 3*b - 3*t - 25 = 0, -4*b + 33 = 5*t. Calculate the remainder when 15 is divided by b.
1
Let j(a) = a**3 + a**2 - 2*a + 10. Calculate the remainder when 58 is divided by j(0).
8
Let o = 3 - -1. Suppose c = -3*y + 16, -o*y - 4*c + 28 = -c. Suppose -y*v + 6 + 18 = 0. Calculate the remainder when 11 is divided by v.
5
Let r(h) = 3*h**3 + h**2 - h - 3. Let t(n) = -5*n**3 - 3*n**2 + 2*n + 7. Let b(c) = -5*r(c) - 2*t(c). What is the remainder when 22 is divided by b(-1)?
4
Suppose -10 = -c - 0*c. Let t = 19 - 16. Calculate the remainder when c is divided by t.
1
Suppose s = -5*l + 7, -2*l - 2*l = 2*s - 8. Suppose 4*i = -3*n - n + 32, s*n - 4*i - 28 = 0. Calculate the remainder when 28 is divided by n.
8
Suppose 5*a - 5 = -2*c + 4, 4*c + 2*a - 26 = 0. Suppose n + 2*z = c*z + 29, 4*z = 4*n - 36. What is the remainder when 10 is divided by n?
2
Suppose -48 = 3*v + 3*l, v = -0*v - 4*l - 16. Let h = v + 42. Calculate the remainder when h is divided by 14.
12
Suppose -q + 33 = 3*o, 0 = 4*q + 3*o - 2*o - 110. Suppose -2*g = -2, 4*h - h + 3*g = 33. Suppose 70 - h = 4*b. Calculate the remainder when q is divided by b.
12
Suppose 5*f = 60 + 50. Calculate the remainder when f is divided by 4.
2
Suppose -3*o = -6*o + 6, -2*o - 136 = -4*d. Calculate the remainder when 137 is divided by d.
32
Suppose 15*h - 10*h - 170 = 0. Calculate the remainder when h is divided by 18.
16
Suppose -5*x + 3 + 32 = 0. What is the remainder when x is divided by 6?
1
Let j(v) = -v**3 + 10*v**2 + 11*v - 8. Let c be j(11). Calculate the remainder when 40 is divided by 6/8 - 106/c.
12
Suppose -s = -2*d + 7, -4*d + d = -15. Let b(r) be the third derivative of r**5/20 - r**4/8 + r**3/6 + r**2. Calculate the remainder when b(s) is divided by 7.
5
Let y(g) = -3*g + 46. What is the remainder when y(14) is divided by 3?
1
Let l = -21 - -3. Let w = 20 + l. Calculate the remainder when 6 is divided by w.
0
Let x = 70 + -56. Suppose -2*u - 5 = 1, 2*u = 2*r - 16. What is the remainder when x is divided by r?
4
Calculate the remainder when 30 is divided by 2*(11/2 - -1 - 1).
8
Let j = 310 + -202. Suppose j + 37 = 5*m. Calculate the remainder when m is divided by -2*1*(-60)/8.
14
Let h be 1 - (0 - 2)/(-1). Calculate the remainder when (h/(-2))/((-1)/(-22)) is divided by 3.
2
Suppose -3*u - 5*z = -51, 0 = -2*u - 2*u - z + 85. Suppose u = 2*b - 2. Let m(i) = i**3 - 4*i**2 - 2*i + 7. What is the remainder when m(5) is divided by b?
10
Suppose 4*n - 44 = 8. Let d = 5 + 3. What is the remainder when n is divided by d?
5
Let y(h) = 16*h + 8. Let j be y(-6). Let c = j - -155. Suppose -3*k = -3*m + 22 - c, 2*k + m - 42 = 0. Calculate the remainder when 56 is divided by k.
18
Let a = -27 - -46. Suppose -y + 7 = -z, -4*y + 9*y = -3*z + a. Calculate the remainder when 34 is divided by (z - (0 - 0))*-6.
10
Let f = -37 - -48. What is the remainder when 20 is divided by f?
9
Suppose 17 = 3*h - 40. What is the remainder when h is divided by 5?
4
Let q = 7 - 5. Let r(k) = 4*k**2 + 8*k**q + k - 2*k**2. What is the remainder when 33 is divided by r(-1)?
6
Suppose -4*p = -4*x - 24 - 4, 4*x - 7 = -3*p. Calculate the remainder when 96/56*(-28)/(-6) is divided by p.
3
Let f(n) = 2*n**2 + 3*n + 4. Let v be f(4). Let s = -9 + v. Let i = 63 - s. What is the remainder when 71 is divided by i?
23
Let z(g) = -g**2 + 9*g. Let t be z(4). Let o = 10 + t. Calculate the remainder when o is divided by 8.
6
Let n(x) = -x**3 + x**2 + 4*x + 3. Suppose -5*u - 3 = -2*r + 82, -u - 14 = -r. Let h = u + 38. What is the remainder when h is divided by n(-2)?
5
Calculate the remainder when (-114)/(-10) + (-99)/(-165) is divided by 4.
0
Suppose -f + 2*f - 31 = 2*h, f + 2*h - 11 = 0. What is the remainder when f is divided by (-2)/(-6) - 17/(-3)?
3
Let b(c) = -c - 3. Let m be b(-7). What is the remainder when -4*134*m/(-32) is divided by 17?
16
Suppose 5*i = i + 3*g + 134, -i - g + 30 = 0. Calculate the remainder when i is divided by 5.
2
Suppose -4*w - 9 = 63. Let c(i) = -4*i - 2. Let k be c(-8). Let r = w + k. Calculate the remainder when 35 is divided by r.
11
Suppose -6*i = -4*i - 46. What is the remainder when 68 is divided by i?
22
Let z be (-16)/(((-3)/(-2))/(-3)). Suppose -z = -q + 3*q. Let i = -11 - q. What is the remainder when i is divided by 2?
1
Let d(k) = 19*k. Calculate the remainder when d(3) is divided by 30.
27
Suppose -q - 2 = -4*s + 3, -3*q + 2 = 5*s. Let n(i) = 43*i**3 + i**2 - i + 1. Let u be n(s). Let f = u + -29. What is the remainder when f is divided by 8?
7
Let n(a) = a**2 - 3*a - 3. Calculate the remainder when 55 is divided by n(6).
10
Calculate the remainder when (-2)/3 + 220/33 is divided by 4.
2
Suppose -4*f + 2*q + 24 = 0, -2*f - 15 = -3*f - 4*q. What is the remainder when f is divided by 2?
1
Suppose 2*v + 4*y - 7 = 11, -6 = -2*y. Let d(b) = 2*b**2 - b - 2. What is the remainder when (-405)/(-11) - (-2)/11 is divided by d(v)?
11
Suppose v - 3*r = -4, 5*v - 3*r - 12 = -4*r. Let n = -1 + v. Let i(j) = 2*j**2. What is the remainder when i(n) is divided by 2?
0
Suppose 5*t = 6*t - 23. What is the remainder when 45 is divided by t?
22
Let o(m) = -m**2 - 8*m - 1. Suppose 7*a = -52 + 3. What is the remainder when 16 is divided by o(a)?
4
Suppose 3*k = -2*k + 2*g + 35, -5 = g. What is the remainder when 7 is divided by k?
2
Let u = -63 - -89. Let l = 36 - u. Suppose -5*k = -